) is divided by u(0).
13
Calculate the remainder when (12/18)/((-2)/(-84)) is divided by 18.
10
Suppose 20 = g + u, 4*g - 51 = -3*u + 30. What is the remainder when 261 is divided by g?
9
Let b(c) = 3*c**2 - c + 3*c**2 - c - 4*c**2 + 3*c**3. Let t be b(2). Let x = -22 + t. What is the remainder when x is divided by 4?
2
Suppose 3*q + 10*q = 286. What is the remainder when 130 is divided by q?
20
Let z(j) = 28*j + 5. Let v(x) = -56*x - 9. Let u(g) = 6*v(g) + 11*z(g). Let b = 7 - 8. What is the remainder when u(b) is divided by 16?
13
Let h = 0 - -36. Calculate the remainder when 18/h - (-177)/2 is divided by 6.
5
Calculate the remainder when -6 - 3056/(-24) - (-4)/(-12) is divided by (-246)/(-8) + (-1)/(-4).
28
Let c be ((-1)/3)/(2/12)*4. Calculate the remainder when c*(-5)/(40/42) is divided by 11.
9
Let i = -194 + 208. Calculate the remainder when 235 is divided by i.
11
Let f(d) = d**3 + 3*d**2 - 3*d - 1. Suppose 0*p + p - 9 = -5*g, -7 = -5*g - 3*p. Suppose -g*l = l - 114. What is the remainder when l is divided by f(2)?
12
Suppose -2*f = 5*b - 11, 2*b - 7 = -3*f + 15. Suppose 0 = -f*m + 28 + 12. Calculate the remainder when 19 is divided by m.
4
Let k = -38 - -62. Suppose l + 4*s - k = -6, -2*l = -s - 18. Calculate the remainder when 38 is divided by l.
8
Suppose h + 100 = 351. Calculate the remainder when h is divided by 16.
11
Let a = -27 + 30. Let i(q) = -25 - 2*q + q + 2 - 3*q. What is the remainder when i(-10) is divided by a?
2
Let j(n) = n**2 - 9*n + 34. What is the remainder when 111 is divided by j(8)?
7
Let z = 2433 + -2322. What is the remainder when z is divided by 57?
54
Calculate the remainder when 32 - (-2)/(-2) - (4 - 2) is divided by 5.
4
Suppose -y + 9 = -3*d + 8*d, 2*d + 95 = 3*y. Calculate the remainder when y is divided by 8.
5
Let z = 95 + -99. What is the remainder when 137 is divided by 4*-7*(z + 3)?
25
Suppose 3*u - 997 = -4*v, -11*v - 774 = -14*v + 3*u. Calculate the remainder when v is divided by 30.
13
Let x = 6 - 0. Let u be -16 - -15 - (-1 + 14). Let g = x - u. Calculate the remainder when 38 is divided by g.
18
Let n(p) = p**3 - 6*p**2 - 12*p + 22. Let d(f) = f**3 - 5*f**2 - 11*f + 22. Let i(w) = 3*d(w) - 4*n(w). Calculate the remainder when 55 is divided by i(10).
27
What is the remainder when -23*(-2)/3 + 44/66 is divided by 2?
0
Suppose 288*x - 4266 = 261*x. What is the remainder when x is divided by 55?
48
Suppose -16*s - 6*s = -1100. What is the remainder when 248 is divided by s?
48
Suppose j - 13 = 4*g, 4*g + 1 + 3 = 0. Suppose 3*b + 0*b = 0. Suppose -5*s + 84 = p, b = -4*s + 2*s - 4*p + 48. What is the remainder when s is divided by j?
7
Calculate the remainder when 78 is divided by (-33)/(-22)*(-9)/(108/(-544)).
10
Calculate the remainder when 474 is divided by 2/((-5424)/(-540) - 10).
24
Let c = 1235 + -1080. What is the remainder when 475 is divided by c?
10
Let g(v) = 2*v**2 + 30*v + 18. Let n be g(-16). Suppose 22*l - 17*l = n. What is the remainder when 14 is divided by l?
4
Let o be (-10)/(-8)*(17 - 13). Suppose 3*d - 6 = o*x, x + 2 = d - 0*d. Suppose -9*g + 10*g - 29 = x. Calculate the remainder when 55 is divided by g.
26
Let v(u) = -26*u**2 - 577*u - 83. Suppose 2*i - d - 324 = -i, 6 = -2*d. Calculate the remainder when i is divided by v(-22).
26
Suppose -7 = -4*x + 9. Suppose -24*z + 100 = -452. Calculate the remainder when z is divided by x.
3
Suppose 0 = 4*p - 5*n + 4 - 6, -3*p = -4*n - 1. Suppose 4*r - 21 = 3*r + 4*x, p*x - 78 = -3*r. Calculate the remainder when 147 is divided by r.
22
Let d(k) = -k**2 + 12*k + 22. Suppose -19 = -m + 2*h, 0*h - 5 = h. Calculate the remainder when d(m) is divided by 10.
9
Let t(m) = 7*m + 348. What is the remainder when 179 is divided by t(-37)?
1
Suppose 26*v = 31*v - 4*i - 1337, 0 = -2*v - 3*i + 521. What is the remainder when v is divided by 28?
13
Suppose -4*p = q - 3*q - 204, p + q - 51 = 0. What is the remainder when p is divided by (-6)/(-4)*2 - (-16)/2?
7
Let t(y) = -104*y + 233. What is the remainder when 33 is divided by t(2)?
8
Suppose 5*w - 245 = -x, 3 = -w - 2. Suppose 17*g - 461 - x = 0. What is the remainder when g is divided by 23?
20
Suppose 3*r = o + 5, 6*r - 32 = -5*o + 2*r. Let t be (-1 - -3)/((-1)/o). Let d = t + 11. Calculate the remainder when 3 is divided by d.
0
Let u(v) = 2*v**2 - 3*v + 3. Let j be u(5). Suppose 4*z = -b + j, 2*b + 0*z = 5*z + 50. Let q = -246 + 254. What is the remainder when b is divided by q?
6
Suppose b - 3*b + c + 418 = 0, -1045 = -5*b + 3*c. What is the remainder when b is divided by 42?
41
What is the remainder when 152 is divided by (-40)/(((-75)/18)/5)?
8
Suppose 5*j = 3*q + 16, -2*j + 3*j - 2*q = -1. Let i be 11*4 - (-7 + j). Suppose 0 = -3*m + 11 + i. Calculate the remainder when 54 is divided by m.
16
What is the remainder when 94/2*(-3 + 8 - 4) is divided by 15?
2
Suppose 8 = -5*z - 2*o, 4*z + 2*o - 6*o - 16 = 0. Calculate the remainder when 6 - (-3 - z - 1) is divided by 2.
0
Let f(v) = -v**2 - 4*v. Let p be f(-3). Let g(z) = 0*z**2 + 13*z**2 - 12*z - z**p - z**2 + z + 3. What is the remainder when g(11) is divided by 3?
0
Suppose 358 = 5*b - 0*y - 4*y, -218 = -3*b + 4*y. Let p = -58 + b. What is the remainder when 69 is divided by p?
9
Let f(k) = -11*k - 22. Suppose -3*r - 15 + 3 = 0. Calculate the remainder when 195 is divided by f(r).
19
Let x(k) = k**2 - k - 25. Let i be x(6). Suppose 5*f = 4 - 64. Let g = i - f. What is the remainder when 66 is divided by g?
15
Let z(f) = -f**3 - 2*f**2 - f - 8. Let x be z(-3). Let q(m) = 6*m + 1. Suppose -2*y - 39 = -5*y. What is the remainder when q(x) is divided by y?
12
Let i = 13 - 8. Suppose 5*g + 15 = 0, -3*h = i*g + 5 + 1. Calculate the remainder when 6 is divided by h.
0
Suppose y + 5 = -0. Let z = -8 - y. Let o(s) = 2*s**2 + 3*s. Calculate the remainder when o(z) is divided by 3.
0
Suppose -2*b + 5*k = -198, 120 = 2*b - 3*k - 86. What is the remainder when b is divided by 28?
25
Let d(a) = -a**3 - 22*a**2 - 24*a - 9. Let h be d(-21). Let i = h + 34. What is the remainder when i is divided by 13?
10
Let h = 75 + 25. Suppose -h + 22 = -6*s. Calculate the remainder when s is divided by 8.
5
Let l = -51 + -94. Calculate the remainder when -3*(-2 + l/5) is divided by 24.
21
What is the remainder when 0/(3/(4 - 7)) + 25 is divided by 6?
1
Let t(w) = 2*w + 3*w**2 + 3*w**3 + 2*w + w - 6*w. Let f be t(2). Suppose -4*b + 26 + f = 0. Calculate the remainder when b is divided by 4.
3
Suppose 5*s + 3*k - 115 = -1, s + 5*k = 14. What is the remainder when 35 is divided by s?
11
What is the remainder when 1700 is divided by 23 - (9/9 - 5)?
26
Suppose 3*f = 2*a + 8, -f - 1 = -4*a + 3. Suppose -5*x = -4*y - 35, -a*x + y = -3 - 11. Let g = 42 - 22. Calculate the remainder when g is divided by x.
6
Calculate the remainder when (-6264)/48*2/(-3) is divided by 15.
12
Let y(u) = u**2 - 1. Let b = -11 - -8. Let a be y(b). Let v = a - -2. What is the remainder when 18 is divided by v?
8
Suppose -3*t - 4183 = -5*o, 28*o - 31*o + 2537 = 5*t. What is the remainder when o is divided by 30?
29
What is the remainder when (-1600)/(-40) + -1 + -1 is divided by 2/(-4)*(-2 - -1)*14?
3
Suppose -25 = 5*l - 5*b, 0 = 3*l + 5*b - 9. Calculate the remainder when 33 is divided by -94*l/16 + (-2)/(-8).
9
Let v be (28/(-3))/(6/(-9)). Let l = -6 + v. Calculate the remainder when l is divided by 2.
0
Let d(x) = x**3 + 11*x**2 - 4*x + 4. Let n be d(-11). Suppose -34*m + n = -30*m. Suppose -2 = 3*y - 17. Calculate the remainder when m is divided by y.
2
Suppose 4*p = -2*b - 6, -b - 3*p = 2*p + 9. What is the remainder when ((-135)/6 - 0)/b*-2 is divided by 16?
13
Let f(w) = 2*w**2 + 7*w**2 - 4 - w**3 + w**2 + 4*w - 4*w**2. What is the remainder when f(4) is divided by 12?
8
Suppose 0 = -6*i + i + 50. Let r = -287 - -323. What is the remainder when r is divided by i?
6
Let b(k) = -k + 15. Let l be b(13). Let j(p) = 0 + 15 - 4 + 0*p + l*p. Calculate the remainder when j(6) is divided by 6.
5
Let f = -241 - -134. Let o = 194 + f. Calculate the remainder when o is divided by 44.
43
Suppose -v = -5*j - 17 - 10, -17 = -3*v - j. Suppose v*y = 11*y. Calculate the remainder when 44 is divided by (3 - y) + 20 + -8.
14
Let a = -45 - -222. What is the remainder when a is divided by 18?
15
Suppose 7 = 4*a